{"id":208,"date":"2015-06-29T08:44:55","date_gmt":"2015-06-29T06:44:55","guid":{"rendered":"http:\/\/juxirkus.de\/juxirkus\/?page_id=208"},"modified":"2025-03-21T11:15:46","modified_gmt":"2025-03-21T10:15:46","slug":"geburtstags-animation","status":"publish","type":"page","link":"https:\/\/juxirkus.de\/juxirkus\/geburtstags-animation\/","title":{"rendered":"Geburtstags-Animationen"},"content":{"rendered":"\n<hr class=\"wp-block-separator has-css-opacity is-style-default\"\/>\n\n\n\n<hr class=\"wp-block-separator has-css-opacity is-style-default\"\/>\n\n\n\n<p>Ihr wollt euren Kindergeburtstag einmal anders feiern und findet Zirkus spannend? Dann kommt doch einfach mit euren Freunden zum Feiern in den Juxirkus und probiert dabei ein paar Disziplinen aus wie Trapez, Akrobatik, Trampolin, Kugellaufen &#8230;<\/p>\n\n\n\n<blockquote class=\"wp-block-quote is-layout-flow wp-block-quote-is-layout-flow\">\n<p>Wir bieten <strong>samstags<\/strong> und <strong>sonntags<\/strong> die M\u00f6glichkeit f\u00fcr eine Geburtstagsanimation, entweder von <strong>10 &#8211; 14 Uhr<\/strong> oder von <strong>15 &#8211; 19 Uhr<\/strong> in unserem Zelt Hohenstaufenstr.\/Ecke Martin-Luther-Stra\u00dfe an. An Samstagen, an denen Juxi-Vorstellungen stattfinden, kann nur vormittags gefeiert werden. Termine in den Schulferien sind meist ung\u00fcnstig, jedoch k\u00f6nnen Sie gerne anfragen.<\/p>\n<\/blockquote>\n\n\n\n<p>Normalerweise beginnen wir mit kleinen Aufw\u00e4rmspielen zu Musik und packen gemeinsam die Geschenke aus. Anschlie\u00dfend werden zwei bis drei Zirkusdisziplinen (je nach den W\u00fcnschen der Kinder) erprobt und eine kleine Nummer f\u00fcr die Abschlussvorstellung erarbeitet. Deshalb bitte unbedingt Sportsachen mitbringen! W\u00e4hrenddessen k\u00f6nnen die Eltern die Kuchentafel f\u00fcr die Pausen zwischendurch aufstellen (Tische sind vorhanden). Denn zwischen dem Training gibt es ein bis zwei Pausen, um sich zu st\u00e4rken! Eine halbe Stunde vor Ende der Geburtstagsfeier sind alle Eltern und Freunde der G\u00e4ste recht herzlich willkommen, um sich die Auff\u00fchrung anzuschauen und zu sehen, was die Kinder gelernt haben.<br>Der Ablauf ist flexibel und richtet sich je nach der Gruppe und den verantwortlichen Personen. Dabei gehen wir gerne auf W\u00fcnsche und Ideen ein. Die Kinder sollten zwischen 7 und 12 Jahren alt sein. Bew\u00e4hrt hat sich eine Gruppengr\u00f6\u00dfe von max. 10 Kindern.<\/p>\n\n\n\n<ul class=\"wp-block-list\">\n<li>Die Animation kostet <strong>200 \u20ac<\/strong> (neuer Preis ab Januar 2024) f\u00fcr bis zu einschlie\u00dflich 10 Kinder; gr\u00f6\u00dfere Gruppen k\u00f6nnen leider nicht bei uns feiern.<br>Uns liegt es sehr am Herzen, dass alle Familien und Kinder die M\u00f6glichkeit haben, bei uns zu feiern. Solltet ihr den neuen Preis nicht aufbringen k\u00f6nnen, meldet euch gerne bei uns, und wir finden gemeinsam eine L\u00f6sung.<\/li>\n\n\n\n<li>Terminabfragen bitte ausschlie\u00dflich per E-Mail an:<br><a rel=\"noopener noreferrer\" href=\"mailto:geburtstagsanimationen@googlemail.com\" target=\"_blank\">geburtstagsanimationen@googlemail.com<\/a><\/li>\n<\/ul>\n\n\n\n<p>Wir vergeben die Termine jeweils ab Anfang des Monats und zwar zwei Monate im Voraus, dann aber f\u00fcr den gesamten Monat. Damit ist gemeint: ab dem 1. Januar vergeben wir Termine f\u00fcr den gesamten M\u00e4rz. Ab dem 1. Februar f\u00fcr den gesamten April. Und so weiter.<br>Der Monatserste ist ein Stichtag, Mails vom Tag davor werden nicht ber\u00fccksichtigt. Schickt eine Mail am Monatsersten so fr\u00fch wie m\u00f6glich.<br>Und, wichtig: <strong>Die Geburtstagsanimationen sind nur ein kleiner Teil der Arbeit des Juxirkus. In manchen Monaten gibt es wegen Auff\u00fchrungen und anderen Proben oder Veranstaltungen nur sehr wenige freie Termine f\u00fcr Geburtstagsanimationen, die dann entsprechend schnell weg sind!<\/strong><\/p>\n\n\n\n<p>Entschuldigt, dass das hier so rigide steht, aber wegen schlechter Erfahrungen: Bitte keine Anrufe im B\u00fcro. Wenn ihr eine Geburtstagsanimation bei uns buchen m\u00f6chtet, dann m\u00fcsst ihr euch auf die Kommunikation per Mail einlassen. Danke!<\/p>\n\n\n\n<p>Vielleicht bis bald im Juxirkus und viele Gr\u00fc\u00dfe,<br>euer Geburtstagsanimations-Team<\/p>\n","protected":false},"excerpt":{"rendered":"<p>Ihr wollt euren Kindergeburtstag einmal anders feiern und findet Zirkus spannend? Dann kommt doch einfach mit euren Freunden zum Feiern in den [&hellip;]<\/p>\n","protected":false},"author":9,"featured_media":0,"parent":0,"menu_order":0,"comment_status":"closed","ping_status":"closed","template":"page-templates\/page_fullwidth.php","meta":{"_uag_custom_page_level_css":"","footnotes":""},"class_list":["post-208","page","type-page","status-publish","hentry"],"uagb_featured_image_src":{"full":false,"thumbnail":false,"medium":false,"medium_large":false,"large":false,"1536x1536":false,"2048x2048":false,"sydney-large-thumb":false,"sydney-medium-thumb":false,"sydney-small-thumb":false,"sydney-service-thumb":false,"sydney-mas-thumb":false},"uagb_author_info":{"display_name":"arabella","author_link":"https:\/\/juxirkus.de\/juxirkus\/author\/arabella\/"},"uagb_comment_info":0,"uagb_excerpt":"Ihr wollt euren Kindergeburtstag einmal anders feiern und findet Zirkus spannend? Dann kommt doch einfach mit euren Freunden zum Feiern in den [&hellip;]","_links":{"self":[{"href":"https:\/\/juxirkus.de\/juxirkus\/wp-json\/wp\/v2\/pages\/208","targetHints":{"allow":["GET"]}}],"collection":[{"href":"https:\/\/juxirkus.de\/juxirkus\/wp-json\/wp\/v2\/pages"}],"about":[{"href":"https:\/\/juxirkus.de\/juxirkus\/wp-json\/wp\/v2\/types\/page"}],"author":[{"embeddable":true,"href":"https:\/\/juxirkus.de\/juxirkus\/wp-json\/wp\/v2\/users\/9"}],"replies":[{"embeddable":true,"href":"https:\/\/juxirkus.de\/juxirkus\/wp-json\/wp\/v2\/comments?post=208"}],"version-history":[{"count":31,"href":"https:\/\/juxirkus.de\/juxirkus\/wp-json\/wp\/v2\/pages\/208\/revisions"}],"predecessor-version":[{"id":5091,"href":"https:\/\/juxirkus.de\/juxirkus\/wp-json\/wp\/v2\/pages\/208\/revisions\/5091"}],"wp:attachment":[{"href":"https:\/\/juxirkus.de\/juxirkus\/wp-json\/wp\/v2\/media?parent=208"}],"curies":[{"name":"wp","href":"https:\/\/api.w.org\/{rel}","templated":true}]}}