{"id":592,"date":"2015-09-18T12:36:13","date_gmt":"2015-09-18T10:36:13","guid":{"rendered":"http:\/\/juxirkus.de\/juxirkus\/?page_id=592"},"modified":"2026-04-24T11:41:15","modified_gmt":"2026-04-24T09:41:15","slug":"termine","status":"publish","type":"page","link":"https:\/\/juxirkus.de\/juxirkus\/termine\/","title":{"rendered":"Aktuelles &#038; Termine"},"content":{"rendered":"\n<h3 class=\"wp-block-heading\" id=\"endlich-ist-es-so-weit-unser-neues-winterprogramm-auf-wiedersehen-hat-am-4-12-2021-premiere\">Liebe Freund*innen des Juxirkus. Unser Sommerprogramm &#8222;Wei\u00dft du noch? &#8211; ein Klassenfotoalbum&#8220; hat am 13.6.26 Premiere. Karten k\u00f6nnen ab dem 11.5. vorbestellt werden.<\/h3>\n\n\n\n<p><\/p>\n\n\n\n<hr class=\"wp-block-separator has-css-opacity\"\/>\n\n\n\n<p><\/p>\n\n\n\n<p><strong>Auff\u00fchrungen<\/strong> im <a href=\"https:\/\/juxirkus.de\/juxirkus\/kontakt\/\">Juxirkus-Zelt<\/a> an der Hohenstaufenstra\u00dfe\/Ecke Martin-Luther Stra\u00dfe. <br>Da unsere Auff\u00fchrungen gut besucht sind, empfehlen wir, auf jeden Fall Karten vorzubestellen!<br><strong>Kartenvorbestellung<\/strong> unter Tel. 030 2155821 oder unter juxirkus<strong>&nbsp;<\/strong>(at)<strong>&nbsp;<\/strong>pfh-berlin.de. <strong>Eintritt<\/strong> 6<strong>&nbsp;<\/strong>\u20ac, erm\u00e4\u00dfigt 4<strong>&nbsp;<\/strong>\u20ac. <br><strong>Barrierefreiheit:<\/strong> Unser Zelt ist rollstuhltauglich und verf\u00fcgt auch \u00fcber eine barrierefreie Toilette.<\/p>\n\n\n\n<figure class=\"wp-block-table alignwide is-style-stripes\"><table class=\"has-background\" style=\"background-color:#f3f4f5\"><thead><tr><th class=\"has-text-align-left\" data-align=\"left\"><em>Termin<\/em><\/th><th class=\"has-text-align-right\" data-align=\"right\"><\/th><th class=\"has-text-align-center\" data-align=\"center\"><strong><em>Beginn&nbsp;um<\/em><\/strong><\/th><th class=\"has-text-align-center\" data-align=\"center\"><\/th><\/tr><\/thead><tbody><tr><td class=\"has-text-align-left\" data-align=\"left\">Sa 13.6.<\/td><td class=\"has-text-align-right\" data-align=\"right\"><\/td><td class=\"has-text-align-center\" data-align=\"center\">17:30 Uhr Premiere (f\u00fcr Eltern, Juxi-Angeh\u00f6rige und geladene G\u00e4ste)<\/td><td class=\"has-text-align-center\" data-align=\"center\"><br><\/td><\/tr><tr><td class=\"has-text-align-left\" data-align=\"left\">Sa 20.6.<\/td><td class=\"has-text-align-right\" data-align=\"right\"><\/td><td class=\"has-text-align-center\" data-align=\"center\">17:30 Uhr <\/td><td class=\"has-text-align-center\" data-align=\"center\"><\/td><\/tr><tr><td class=\"has-text-align-left\" data-align=\"left\">Fr 26.6.<\/td><td class=\"has-text-align-right\" data-align=\"right\"><\/td><td class=\"has-text-align-center\" data-align=\"center\">17:30 Uhr <\/td><td class=\"has-text-align-center\" data-align=\"center\"><\/td><\/tr><tr><td class=\"has-text-align-left\" data-align=\"left\">Sa 27.6.<\/td><td class=\"has-text-align-right\" data-align=\"right\"><\/td><td class=\"has-text-align-center\" data-align=\"center\"> 17:30 Uhr <\/td><td class=\"has-text-align-center\" data-align=\"center\"><\/td><\/tr><tr><td class=\"has-text-align-left\" data-align=\"left\">Fr 3.7.<\/td><td class=\"has-text-align-right\" data-align=\"right\"><\/td><td class=\"has-text-align-center\" data-align=\"center\">17:30 Uhr <\/td><td class=\"has-text-align-center\" data-align=\"center\"><\/td><\/tr><tr><td class=\"has-text-align-left\" data-align=\"left\">Sa 4.7.<\/td><td class=\"has-text-align-right\" data-align=\"right\"><\/td><td class=\"has-text-align-center\" data-align=\"center\">17:30 Uhr <\/td><td class=\"has-text-align-center\" data-align=\"center\"><\/td><\/tr><tr><td class=\"has-text-align-left\" data-align=\"left\">Sa 5.9.<\/td><td class=\"has-text-align-right\" data-align=\"right\"><\/td><td class=\"has-text-align-center\" data-align=\"center\">17:30 Uhr <\/td><td class=\"has-text-align-center\" data-align=\"center\"><\/td><\/tr><tr><td class=\"has-text-align-left\" data-align=\"left\">Fr 11.9.<\/td><td class=\"has-text-align-right\" data-align=\"right\"><\/td><td class=\"has-text-align-center\" data-align=\"center\">17:30 Uhr <\/td><td class=\"has-text-align-center\" data-align=\"center\"><\/td><\/tr><tr><td class=\"has-text-align-left\" data-align=\"left\">Sa 12.9.<\/td><td class=\"has-text-align-right\" data-align=\"right\"><\/td><td class=\"has-text-align-center\" data-align=\"center\">17:30 Uhr <\/td><td class=\"has-text-align-center\" data-align=\"center\"><\/td><\/tr><tr><td class=\"has-text-align-left\" data-align=\"left\">Sa 19.9.<\/td><td class=\"has-text-align-right\" data-align=\"right\"><\/td><td class=\"has-text-align-center\" data-align=\"center\">17:30 Uhr (Derniere) <\/td><td class=\"has-text-align-center\" data-align=\"center\"><\/td><\/tr><tr><td class=\"has-text-align-left\" data-align=\"left\"><\/td><td class=\"has-text-align-right\" data-align=\"right\"><\/td><td class=\"has-text-align-center\" data-align=\"center\"><\/td><td class=\"has-text-align-center\" data-align=\"center\"><\/td><\/tr><tr><td class=\"has-text-align-left\" data-align=\"left\"><\/td><td class=\"has-text-align-right\" data-align=\"right\"><\/td><td class=\"has-text-align-center\" data-align=\"center\"><\/td><td class=\"has-text-align-center\" data-align=\"center\"><\/td><\/tr><\/tbody><\/table><\/figure>\n\n\n\n<p><\/p>\n\n\n\n<p><\/p>\n\n\n\n<div style=\"height:20px\" aria-hidden=\"true\" class=\"wp-block-spacer\"><\/div>\n\n\n\n<p>Hier gibt es&nbsp;<a href=\"https:\/\/juxirkus.de\/juxirkus\/fotos-vom-aktuellen-programm\/\">&gt;&gt;&gt; Fotos<\/a> vom letzten Programm zu sehen.<\/p>\n\n\n\n<p><strong>Ausverkauft<\/strong>&nbsp;<strong>\u2013 was tun?<\/strong> Versucht&#8217;s an der Abendkasse am Zelt. In den meisten F\u00e4llen bringen wir alle ZuschauerInnen unter, nur ganz selten einmal \u2013 fast nie, m\u00fcssen wir Leute nach hause schicken. Aber falls das passiert \u2013 seid uns nicht b\u00f6se.<\/p>\n\n\n\n<p><a href=\"https:\/\/juxirkus.de\/juxirkus\/haeufige-fragen\/\">&#8230; und &gt;&gt;&gt;<\/a> hier gehts zu Uhrzeiten, Preisen, Erm\u00e4\u00dfigungen und allem, was ihr sonst noch wissen wollt!<\/p>\n\n\n\n<hr class=\"wp-block-separator has-css-opacity\"\/>\n\n\n\n<h4 class=\"wp-block-heading\" id=\"termine-mini-und-midizirkus\">Termine Mini- und Midizirkus<\/h4>\n\n\n\n<ul class=\"wp-block-list\">\n<li>gibt es hier<a href=\"https:\/\/juxirkus.de\/juxirkus\/mini-und-midizirkus\/\"> &gt;&gt;&gt;<\/a><\/li>\n<\/ul>\n\n\n\n<div style=\"height:20px\" aria-hidden=\"true\" class=\"wp-block-spacer\"><\/div>\n\n\n\n<h4 class=\"wp-block-heading\" id=\"termine-schul-projektwochen\">Termine Schul-Projektwochen<\/h4>\n\n\n\n<ul class=\"wp-block-list\">\n<li>gibt es hier<a href=\"https:\/\/juxirkus.de\/juxirkus\/angebote-fuer-schulen\/\"> &gt;&gt;&gt;<\/a><\/li>\n<\/ul>\n","protected":false},"excerpt":{"rendered":"<p>Liebe Freund*innen des Juxirkus. Unser Sommerprogramm &#8222;Wei\u00dft du noch? &#8211; ein Klassenfotoalbum&#8220; hat am 13.6.26 Premiere. Karten k\u00f6nnen ab dem 11.5. vorbestellt [&hellip;]<\/p>\n","protected":false},"author":9,"featured_media":0,"parent":0,"menu_order":0,"comment_status":"closed","ping_status":"closed","template":"page-templates\/page_fullwidth.php","meta":{"_uag_custom_page_level_css":"","footnotes":""},"class_list":["post-592","page","type-page","status-publish","hentry"],"uagb_featured_image_src":{"full":false,"thumbnail":false,"medium":false,"medium_large":false,"large":false,"1536x1536":false,"2048x2048":false,"sydney-large-thumb":false,"sydney-medium-thumb":false,"sydney-small-thumb":false,"sydney-service-thumb":false,"sydney-mas-thumb":false},"uagb_author_info":{"display_name":"arabella","author_link":"https:\/\/juxirkus.de\/juxirkus\/author\/arabella\/"},"uagb_comment_info":0,"uagb_excerpt":"Liebe Freund*innen des Juxirkus. Unser Sommerprogramm &#8222;Wei\u00dft du noch? &#8211; ein Klassenfotoalbum&#8220; hat am 13.6.26 Premiere. Karten k\u00f6nnen ab dem 11.5. vorbestellt [&hellip;]","_links":{"self":[{"href":"https:\/\/juxirkus.de\/juxirkus\/wp-json\/wp\/v2\/pages\/592","targetHints":{"allow":["GET"]}}],"collection":[{"href":"https:\/\/juxirkus.de\/juxirkus\/wp-json\/wp\/v2\/pages"}],"about":[{"href":"https:\/\/juxirkus.de\/juxirkus\/wp-json\/wp\/v2\/types\/page"}],"author":[{"embeddable":true,"href":"https:\/\/juxirkus.de\/juxirkus\/wp-json\/wp\/v2\/users\/9"}],"replies":[{"embeddable":true,"href":"https:\/\/juxirkus.de\/juxirkus\/wp-json\/wp\/v2\/comments?post=592"}],"version-history":[{"count":182,"href":"https:\/\/juxirkus.de\/juxirkus\/wp-json\/wp\/v2\/pages\/592\/revisions"}],"predecessor-version":[{"id":5315,"href":"https:\/\/juxirkus.de\/juxirkus\/wp-json\/wp\/v2\/pages\/592\/revisions\/5315"}],"wp:attachment":[{"href":"https:\/\/juxirkus.de\/juxirkus\/wp-json\/wp\/v2\/media?parent=592"}],"curies":[{"name":"wp","href":"https:\/\/api.w.org\/{rel}","templated":true}]}}

<h3 class="wp-block-heading" id="endlich-ist-es-so-weit-unser-neues-winterprogramm-auf-wiedersehen-hat-am-4-12-2021-premiere">Liebe Freund*innen des Juxirkus. Unser Sommerprogramm &#8222;Weißt du noch? &#8211; ein Klassenfotoalbum&#8220; hat am 13.6.26 Premiere. Karten können ab dem 11.5. vorbestellt werden.</h3>



<p></p>



<hr class="wp-block-separator has-css-opacity"/>



<p></p>



<p><strong>Aufführungen</strong> im <a href="https://juxirkus.de/juxirkus/kontakt/">Juxirkus-Zelt</a> an der Hohenstaufenstraße/Ecke Martin-Luther Straße. <br>Da unsere Aufführungen gut besucht sind, empfehlen wir, auf jeden Fall Karten vorzubestellen!<br><strong>Kartenvorbestellung</strong> unter Tel. 030 2155821 oder unter juxirkus<strong>&nbsp;</strong>(at)<strong>&nbsp;</strong>pfh-berlin.de. <strong>Eintritt</strong> 6<strong>&nbsp;</strong>€, ermäßigt 4<strong>&nbsp;</strong>€. <br><strong>Barrierefreiheit:</strong> Unser Zelt ist rollstuhltauglich und verfügt auch über eine barrierefreie Toilette.</p>



<figure class="wp-block-table alignwide is-style-stripes"><table class="has-background" style="background-color:#f3f4f5"><thead><tr><th class="has-text-align-left" data-align="left"><em>Termin</em></th><th class="has-text-align-right" data-align="right"></th><th class="has-text-align-center" data-align="center"><strong><em>Beginn&nbsp;um</em></strong></th><th class="has-text-align-center" data-align="center"></th></tr></thead><tbody><tr><td class="has-text-align-left" data-align="left">Sa 13.6.</td><td class="has-text-align-right" data-align="right"></td><td class="has-text-align-center" data-align="center">17:30 Uhr Premiere (für Eltern, Juxi-Angehörige und geladene Gäste)</td><td class="has-text-align-center" data-align="center"><br></td></tr><tr><td class="has-text-align-left" data-align="left">Sa 20.6.</td><td class="has-text-align-right" data-align="right"></td><td class="has-text-align-center" data-align="center">17:30 Uhr </td><td class="has-text-align-center" data-align="center"></td></tr><tr><td class="has-text-align-left" data-align="left">Fr 26.6.</td><td class="has-text-align-right" data-align="right"></td><td class="has-text-align-center" data-align="center">17:30 Uhr </td><td class="has-text-align-center" data-align="center"></td></tr><tr><td class="has-text-align-left" data-align="left">Sa 27.6.</td><td class="has-text-align-right" data-align="right"></td><td class="has-text-align-center" data-align="center"> 17:30 Uhr </td><td class="has-text-align-center" data-align="center"></td></tr><tr><td class="has-text-align-left" data-align="left">Fr 3.7.</td><td class="has-text-align-right" data-align="right"></td><td class="has-text-align-center" data-align="center">17:30 Uhr </td><td class="has-text-align-center" data-align="center"></td></tr><tr><td class="has-text-align-left" data-align="left">Sa 4.7.</td><td class="has-text-align-right" data-align="right"></td><td class="has-text-align-center" data-align="center">17:30 Uhr </td><td class="has-text-align-center" data-align="center"></td></tr><tr><td class="has-text-align-left" data-align="left">Sa 5.9.</td><td class="has-text-align-right" data-align="right"></td><td class="has-text-align-center" data-align="center">17:30 Uhr </td><td class="has-text-align-center" data-align="center"></td></tr><tr><td class="has-text-align-left" data-align="left">Fr 11.9.</td><td class="has-text-align-right" data-align="right"></td><td class="has-text-align-center" data-align="center">17:30 Uhr </td><td class="has-text-align-center" data-align="center"></td></tr><tr><td class="has-text-align-left" data-align="left">Sa 12.9.</td><td class="has-text-align-right" data-align="right"></td><td class="has-text-align-center" data-align="center">17:30 Uhr </td><td class="has-text-align-center" data-align="center"></td></tr><tr><td class="has-text-align-left" data-align="left">Sa 19.9.</td><td class="has-text-align-right" data-align="right"></td><td class="has-text-align-center" data-align="center">17:30 Uhr (Derniere) </td><td class="has-text-align-center" data-align="center"></td></tr><tr><td class="has-text-align-left" data-align="left"></td><td class="has-text-align-right" data-align="right"></td><td class="has-text-align-center" data-align="center"></td><td class="has-text-align-center" data-align="center"></td></tr><tr><td class="has-text-align-left" data-align="left"></td><td class="has-text-align-right" data-align="right"></td><td class="has-text-align-center" data-align="center"></td><td class="has-text-align-center" data-align="center"></td></tr></tbody></table></figure>



<p></p>



<p></p>



<div style="height:20px" aria-hidden="true" class="wp-block-spacer"></div>



<p>Hier gibt es&nbsp;<a href="https://juxirkus.de/juxirkus/fotos-vom-aktuellen-programm/">&gt;&gt;&gt; Fotos</a> vom letzten Programm zu sehen.</p>



<p><strong>Ausverkauft</strong>&nbsp;<strong>– was tun?</strong> Versucht&#8217;s an der Abendkasse am Zelt. In den meisten Fällen bringen wir alle ZuschauerInnen unter, nur ganz selten einmal – fast nie, müssen wir Leute nach hause schicken. Aber falls das passiert – seid uns nicht böse.</p>



<p><a href="https://juxirkus.de/juxirkus/haeufige-fragen/">&#8230; und &gt;&gt;&gt;</a> hier gehts zu Uhrzeiten, Preisen, Ermäßigungen und allem, was ihr sonst noch wissen wollt!</p>



<hr class="wp-block-separator has-css-opacity"/>



<h4 class="wp-block-heading" id="termine-mini-und-midizirkus">Termine Mini- und Midizirkus</h4>



<ul class="wp-block-list">
<li>gibt es hier<a href="https://juxirkus.de/juxirkus/mini-und-midizirkus/"> &gt;&gt;&gt;</a></li>
</ul>



<div style="height:20px" aria-hidden="true" class="wp-block-spacer"></div>



<h4 class="wp-block-heading" id="termine-schul-projektwochen">Termine Schul-Projektwochen</h4>



<ul class="wp-block-list">
<li>gibt es hier<a href="https://juxirkus.de/juxirkus/angebote-fuer-schulen/"> &gt;&gt;&gt;</a></li>
</ul>

<p>Liebe Freund*innen des Juxirkus. Unser Sommerprogramm &#8222;Weißt du noch? &#8211; ein Klassenfotoalbum&#8220; hat am 13.6.26 Premiere. Karten können ab dem 11.5. vorbestellt [&hellip;]</p>

Liebe Freund*innen des Juxirkus. Unser Sommerprogramm &#8222;Weißt du noch? &#8211; ein Klassenfotoalbum&#8220; hat am 13.6.26 Premiere. Karten können ab dem 11.5. vorbestellt [&hellip;]
